{"id":565,"date":"2024-05-11T08:33:16","date_gmt":"2024-05-11T08:33:16","guid":{"rendered":"https:\/\/newsexo.themearile.com\/blog\/"},"modified":"2025-09-10T11:21:33","modified_gmt":"2025-09-10T09:21:33","slug":"hirek","status":"publish","type":"page","link":"http:\/\/estv.hu\/index.php\/hirek\/","title":{"rendered":"H\u00edrek"},"content":{"rendered":"\n<div class=\"wp-block-query alignwide is-layout-flow wp-block-query-is-layout-flow\"><ul class=\"columns-3 wp-block-post-template is-layout-grid wp-container-core-post-template-is-layout-572542b5 wp-block-post-template-is-layout-grid\"><li class=\"wp-block-post post-5192 post type-post status-publish format-standard has-post-thumbnail hentry category-hirek\">\n\n<div class=\"wp-block-group is-vertical is-layout-flex wp-container-core-group-is-layout-67500954 wp-block-group-is-layout-flex\" style=\"padding-top:30px;padding-right:30px;padding-bottom:30px;padding-left:30px\"><figure style=\"aspect-ratio:16\/9;height:200px; padding-top:0;padding-bottom:0;\" class=\"aligncenter wp-block-post-featured-image\"><a href=\"http:\/\/estv.hu\/index.php\/2026\/05\/05\/szolgalaton-kivuli-rendor-fogott-tolvajt-vacon\/\" target=\"_self\"  style=\"height:200px\"><img loading=\"lazy\" decoding=\"async\" width=\"1350\" height=\"765\" src=\"http:\/\/estv.hu\/wp-content\/uploads\/2026\/05\/Kepkivagas-12.png\" class=\"attachment-post-thumbnail size-post-thumbnail wp-post-image\" alt=\"Szolg\u00e1laton k\u00edv\u00fcli rend\u0151r fogott tolvajt V\u00e1con\" style=\"border-style:none;border-width:0px;width:100%;height:100%;object-fit:contain;\" \/><\/a><\/figure>\n\n<h3 class=\"wp-block-post-title\"><a href=\"http:\/\/estv.hu\/index.php\/2026\/05\/05\/szolgalaton-kivuli-rendor-fogott-tolvajt-vacon\/\" target=\"_self\" >Szolg\u00e1laton k\u00edv\u00fcli rend\u0151r fogott tolvajt V\u00e1con<\/a><\/h3>\n\n<div class=\"has-link-color wp-elements-d6cd143b475b1f5c7fdff6b90ecc882d wp-block-post-date has-text-color has-base-color\"><time datetime=\"2026-05-05T13:49:31+02:00\">2026-05-05<\/time><\/div>\n\n<div class=\"wp-block-post-excerpt\"><p class=\"wp-block-post-excerpt__excerpt\">\u00c1prilis 23-\u00e1n rend\u0151ri int\u00e9zked\u00e9s t\u00f6rt\u00e9nt V\u00e1c s\u00e9t\u00e1l\u00f3utc\u00e1j\u00e1ban, ahol egy szolg\u00e1laton k\u00edv\u00fcli rend\u0151r fogott el egy felt\u00e9telezett tolvajt. Egy helyi butikb\u00f3l \u00e9kszerek eltulajdon\u00edt\u00e1s\u00e1ra tett k\u00eds\u00e9rlet ut\u00e1n a fiatal f\u00e9rfi a helysz\u00ednr\u0151l elhagyta az \u00fczletet. A bolt tulajdonosa egy k\u00f6zelben tart\u00f3zkod\u00f3 rend\u0151rt\u0151l k\u00e9rt seg\u00edts\u00e9get, aki azonnal a gyan\u00fas\u00edtott nyom\u00e1ba eredt. <\/p><\/div><\/div>\n\n<\/li><li class=\"wp-block-post post-5189 post type-post status-publish format-standard has-post-thumbnail hentry category-hirek\">\n\n<div class=\"wp-block-group is-vertical is-layout-flex wp-container-core-group-is-layout-67500954 wp-block-group-is-layout-flex\" style=\"padding-top:30px;padding-right:30px;padding-bottom:30px;padding-left:30px\"><figure style=\"aspect-ratio:16\/9;height:200px; padding-top:0;padding-bottom:0;\" class=\"aligncenter wp-block-post-featured-image\"><a href=\"http:\/\/estv.hu\/index.php\/2026\/05\/05\/kizarolag-paros-heten-viszik-a-zsakos-hulladekot-vacrol\/\" target=\"_self\"  style=\"height:200px\"><img loading=\"lazy\" decoding=\"async\" width=\"1445\" height=\"819\" src=\"http:\/\/estv.hu\/wp-content\/uploads\/2026\/05\/Kepkivagas-11.png\" class=\"attachment-post-thumbnail size-post-thumbnail wp-post-image\" alt=\"Kiz\u00e1r\u00f3lag p\u00e1ros h\u00e9ten viszik a zs\u00e1kos hullad\u00e9kot V\u00e1cr\u00f3l\" style=\"border-style:none;border-width:0px;width:100%;height:100%;object-fit:contain;\" \/><\/a><\/figure>\n\n<h3 class=\"wp-block-post-title\"><a href=\"http:\/\/estv.hu\/index.php\/2026\/05\/05\/kizarolag-paros-heten-viszik-a-zsakos-hulladekot-vacrol\/\" target=\"_self\" >Kiz\u00e1r\u00f3lag p\u00e1ros h\u00e9ten viszik a zs\u00e1kos hullad\u00e9kot V\u00e1cr\u00f3l<\/a><\/h3>\n\n<div class=\"has-link-color wp-elements-d6cd143b475b1f5c7fdff6b90ecc882d wp-block-post-date has-text-color has-base-color\"><time datetime=\"2026-05-05T13:47:28+02:00\">2026-05-05<\/time><\/div>\n\n<div class=\"wp-block-post-excerpt\"><p class=\"wp-block-post-excerpt__excerpt\">V\u00e1con tov\u00e1bbra is heti rendszeress\u00e9ggel sz\u00e1ll\u00edtja el a kommun\u00e1lis hullad\u00e9kot a Vertikal Group, ugyanakkor a szelekt\u00edv \u00e9s a z\u00f6ldhullad\u00e9k begy\u0171jt\u00e9se m\u00e1r k\u00e9thetente t\u00f6rt\u00e9nik, r\u00e1ad\u00e1sul azonos h\u00e9ten. <\/p><\/div><\/div>\n\n<\/li><li class=\"wp-block-post post-5184 post type-post status-publish format-standard has-post-thumbnail hentry category-hirek\">\n\n<div class=\"wp-block-group is-vertical is-layout-flex wp-container-core-group-is-layout-67500954 wp-block-group-is-layout-flex\" style=\"padding-top:30px;padding-right:30px;padding-bottom:30px;padding-left:30px\"><figure style=\"aspect-ratio:16\/9;height:200px; padding-top:0;padding-bottom:0;\" class=\"aligncenter wp-block-post-featured-image\"><a href=\"http:\/\/estv.hu\/index.php\/2026\/05\/05\/meglepetest-is-hozott-az-idei-magyar-erettsegi\/\" target=\"_self\"  style=\"height:200px\"><img loading=\"lazy\" decoding=\"async\" width=\"1361\" height=\"769\" src=\"http:\/\/estv.hu\/wp-content\/uploads\/2026\/05\/Kepkivagas-10.png\" class=\"attachment-post-thumbnail size-post-thumbnail wp-post-image\" alt=\"Meglepet\u00e9st is hozott az idei magyar \u00e9retts\u00e9gi\" style=\"border-style:none;border-width:0px;width:100%;height:100%;object-fit:contain;\" \/><\/a><\/figure>\n\n<h3 class=\"wp-block-post-title\"><a href=\"http:\/\/estv.hu\/index.php\/2026\/05\/05\/meglepetest-is-hozott-az-idei-magyar-erettsegi\/\" target=\"_self\" >Meglepet\u00e9st is hozott az idei magyar \u00e9retts\u00e9gi<\/a><\/h3>\n\n<div class=\"has-link-color wp-elements-d6cd143b475b1f5c7fdff6b90ecc882d wp-block-post-date has-text-color has-base-color\"><time datetime=\"2026-05-05T11:23:59+02:00\">2026-05-05<\/time><\/div>\n\n<div class=\"wp-block-post-excerpt\"><p class=\"wp-block-post-excerpt__excerpt\">H\u00e9tf\u0151n a magyar nyelv \u00e9s irodalom \u00edr\u00e1sbelivel kezd\u0151d\u00f6tt az idei \u00e9retts\u00e9gi vizsgaid\u0151szak, kedden matematik\u00e1b\u00f3l adnak sz\u00e1mot tud\u00e1sukr\u00f3l a di\u00e1kok, szerd\u00e1n pedig t\u00f6rt\u00e9nelemb\u0151l folytat\u00f3dnak a vizsg\u00e1k. V\u00e1con t\u00f6bb mint ezer v\u00e9gz\u0151s tanul\u00f3 ballagott el a m\u00falt h\u00e9ten, t\u00f6bbs\u00e9g\u00fck az \u00e9retts\u00e9gin is r\u00e9szt vesz. A h\u00e9tf\u0151i magyar vizsga t\u00f6bbek sz\u00e1m\u00e1ra v\u00e1ratlan feladatokat is tartalmazott. <\/p><\/div><\/div>\n\n<\/li><li class=\"wp-block-post post-5181 post type-post status-publish format-standard has-post-thumbnail hentry category-hirek\">\n\n<div class=\"wp-block-group is-vertical is-layout-flex wp-container-core-group-is-layout-67500954 wp-block-group-is-layout-flex\" style=\"padding-top:30px;padding-right:30px;padding-bottom:30px;padding-left:30px\"><figure style=\"aspect-ratio:16\/9;height:200px; padding-top:0;padding-bottom:0;\" class=\"aligncenter wp-block-post-featured-image\"><a href=\"http:\/\/estv.hu\/index.php\/2026\/05\/05\/tornaorat-tart-az-idosugyi-tanacs-a-szepkoruaknak\/\" target=\"_self\"  style=\"height:200px\"><img loading=\"lazy\" decoding=\"async\" width=\"1356\" height=\"760\" src=\"http:\/\/estv.hu\/wp-content\/uploads\/2026\/05\/Kepkivagas-9.png\" class=\"attachment-post-thumbnail size-post-thumbnail wp-post-image\" alt=\"Torna\u00f3r\u00e1t tart az Id\u0151s\u00fcgyi Tan\u00e1cs a sz\u00e9pkor\u00faaknak\" style=\"border-style:none;border-width:0px;width:100%;height:100%;object-fit:contain;\" \/><\/a><\/figure>\n\n<h3 class=\"wp-block-post-title\"><a href=\"http:\/\/estv.hu\/index.php\/2026\/05\/05\/tornaorat-tart-az-idosugyi-tanacs-a-szepkoruaknak\/\" target=\"_self\" >Torna\u00f3r\u00e1t tart az Id\u0151s\u00fcgyi Tan\u00e1cs a sz\u00e9pkor\u00faaknak<\/a><\/h3>\n\n<div class=\"has-link-color wp-elements-d6cd143b475b1f5c7fdff6b90ecc882d wp-block-post-date has-text-color has-base-color\"><time datetime=\"2026-05-05T11:22:34+02:00\">2026-05-05<\/time><\/div>\n\n<div class=\"wp-block-post-excerpt\"><p class=\"wp-block-post-excerpt__excerpt\">M\u00e1jus 5-\u00e9n, holnap tartj\u00e1k az idei tavaszi tornasorozat z\u00e1r\u00f3alkalm\u00e1t, amelyet a v\u00e1rosi Id\u0151s\u00fcgyi Tan\u00e1cs szervezett a lakoss\u00e1g sz\u00e1m\u00e1ra azzal a c\u00e9llal, hogy a r\u00e9sztvev\u0151k \u00e1tmozgathass\u00e1k magukat, illetve gy\u00f3gytorn\u00e1sz k\u00f6zrem\u0171k\u00f6d\u00e9s\u00e9vel olyan gyakorlatokat saj\u00e1t\u00edthassanak el, amelyek otthon is v\u00e9gezhet\u0151k. Az ingyenes foglalkoz\u00e1st a Mad\u00e1ch Imre M\u0171vel\u0151d\u00e9si K\u00f6zpontban tartj\u00e1k m\u00e1jus 5-\u00e9n, kora d\u00e9lut\u00e1n. <\/p><\/div><\/div>\n\n<\/li><li class=\"wp-block-post post-5178 post type-post status-publish format-standard has-post-thumbnail hentry category-hirek\">\n\n<div class=\"wp-block-group is-vertical is-layout-flex wp-container-core-group-is-layout-67500954 wp-block-group-is-layout-flex\" style=\"padding-top:30px;padding-right:30px;padding-bottom:30px;padding-left:30px\"><figure style=\"aspect-ratio:16\/9;height:200px; padding-top:0;padding-bottom:0;\" class=\"aligncenter wp-block-post-featured-image\"><a href=\"http:\/\/estv.hu\/index.php\/2026\/05\/05\/a-zenepavilonnal-majalisoztak-a-vaciak-penteken\/\" target=\"_self\"  style=\"height:200px\"><img loading=\"lazy\" decoding=\"async\" width=\"1359\" height=\"767\" src=\"http:\/\/estv.hu\/wp-content\/uploads\/2026\/05\/Kepkivagas-8.png\" class=\"attachment-post-thumbnail size-post-thumbnail wp-post-image\" alt=\"A Zenepavilonn\u00e1l maj\u00e1lisoztak a v\u00e1ciak p\u00e9nteken\" style=\"border-style:none;border-width:0px;width:100%;height:100%;object-fit:contain;\" \/><\/a><\/figure>\n\n<h3 class=\"wp-block-post-title\"><a href=\"http:\/\/estv.hu\/index.php\/2026\/05\/05\/a-zenepavilonnal-majalisoztak-a-vaciak-penteken\/\" target=\"_self\" >A Zenepavilonn\u00e1l maj\u00e1lisoztak a v\u00e1ciak p\u00e9nteken<\/a><\/h3>\n\n<div class=\"has-link-color wp-elements-d6cd143b475b1f5c7fdff6b90ecc882d wp-block-post-date has-text-color has-base-color\"><time datetime=\"2026-05-05T11:20:57+02:00\">2026-05-05<\/time><\/div>\n\n<div class=\"wp-block-post-excerpt\"><p class=\"wp-block-post-excerpt__excerpt\">Gyerekkoncert, foglalkoztat\u00f3 programok, eg\u00e9szs\u00e9g\u00fcgyi sz\u0171r\u00e9sek, t\u00e1ncbemutat\u00f3k \u00e9s zenei produkci\u00f3k is szerepeltek az idei v\u00e1ci maj\u00e1lis k\u00edn\u00e1lat\u00e1ban. A rendezv\u00e9nynek ez\u00fattal is a Zenepavilon adott otthont, a programot a Mad\u00e1ch Imre M\u0171vel\u0151d\u00e9si K\u00f6zpont az \u00f6nkorm\u00e1nyzattal k\u00f6z\u00f6sen szervezte, az Id\u0151s\u00fcgyi Tan\u00e1cs akt\u00edv k\u00f6zrem\u0171k\u00f6d\u00e9s\u00e9vel. <\/p><\/div><\/div>\n\n<\/li><li class=\"wp-block-post post-5175 post type-post status-publish format-standard has-post-thumbnail hentry category-hirek\">\n\n<div class=\"wp-block-group is-vertical is-layout-flex wp-container-core-group-is-layout-67500954 wp-block-group-is-layout-flex\" style=\"padding-top:30px;padding-right:30px;padding-bottom:30px;padding-left:30px\"><figure style=\"aspect-ratio:16\/9;height:200px; padding-top:0;padding-bottom:0;\" class=\"aligncenter wp-block-post-featured-image\"><a href=\"http:\/\/estv.hu\/index.php\/2026\/05\/05\/a-legalacsonyabb-vizmerce-is-kilatszik-vacnal\/\" target=\"_self\"  style=\"height:200px\"><img loading=\"lazy\" decoding=\"async\" width=\"1358\" height=\"759\" src=\"http:\/\/estv.hu\/wp-content\/uploads\/2026\/05\/Kepkivagas-7.png\" class=\"attachment-post-thumbnail size-post-thumbnail wp-post-image\" alt=\"A legalacsonyabb v\u00edzm\u00e9rce is kil\u00e1tszik V\u00e1cn\u00e1l\" style=\"border-style:none;border-width:0px;width:100%;height:100%;object-fit:contain;\" \/><\/a><\/figure>\n\n<h3 class=\"wp-block-post-title\"><a href=\"http:\/\/estv.hu\/index.php\/2026\/05\/05\/a-legalacsonyabb-vizmerce-is-kilatszik-vacnal\/\" target=\"_self\" >A legalacsonyabb v\u00edzm\u00e9rce is kil\u00e1tszik V\u00e1cn\u00e1l<\/a><\/h3>\n\n<div class=\"has-link-color wp-elements-d6cd143b475b1f5c7fdff6b90ecc882d wp-block-post-date has-text-color has-base-color\"><time datetime=\"2026-05-05T11:18:23+02:00\">2026-05-05<\/time><\/div>\n\n<div class=\"wp-block-post-excerpt\"><p class=\"wp-block-post-excerpt__excerpt\">Tov\u00e1bb fokoz\u00f3dik a sz\u00e1razs\u00e1g az orsz\u00e1gban a tart\u00f3s csapad\u00e9khi\u00e1ny miatt, t\u00f6bb orsz\u00e1gos sajt\u00f3org\u00e1num is s\u00falyos \u00f6kol\u00f3giai helyzetre figyelmeztet. A meteorol\u00f3giai el\u0151rejelz\u00e9sek szerint a k\u00f6vetkez\u0151 id\u0151szakban sem v\u00e1rhat\u00f3 sz\u00e1mottev\u0151 csapad\u00e9k a t\u00e9rs\u00e9gben. A Dun\u00e1n V\u00e1cn\u00e1l is rendk\u00edv\u00fcl alacsony a v\u00edz\u00e1ll\u00e1s, amely a tart\u00f3s asz\u00e1lyos id\u0151j\u00e1r\u00e1si helyzet k\u00f6vetkezm\u00e9nye. A szakemberek egyel\u0151re nem sz\u00e1m\u00edtanak olyan csapad\u00e9kos peri\u00f3dusra, amely&hellip; <\/p><\/div><\/div>\n\n<\/li><\/ul>\n\n<nav class=\"alignright wp-block-query-pagination is-content-justification-center is-layout-flex wp-container-core-query-pagination-is-layout-a89b3969 wp-block-query-pagination-is-layout-flex\" aria-label=\"Lapoz\u00e1s\">\n\n\n<div class=\"wp-block-query-pagination-numbers\"><span aria-current=\"page\" class=\"page-numbers current\">1<\/span>\n<a class=\"page-numbers\" href=\"?query-85-page=2\">2<\/a>\n<a class=\"page-numbers\" href=\"?query-85-page=3\">3<\/a>\n<span class=\"page-numbers dots\">&hellip;<\/span>\n<a class=\"page-numbers\" href=\"?query-85-page=117\">117<\/a><\/div>\n\n<a href=\"\/index.php\/wp-json\/wp\/v2\/pages\/565?query-85-page=2\" class=\"wp-block-query-pagination-next\">K\u00f6vetkez\u0151 oldal<span class='wp-block-query-pagination-next-arrow is-arrow-chevron' aria-hidden='true'>\u00bb<\/span><\/a>\n<\/nav><\/div>\n\n\n\n<p><\/p>\n","protected":false},"excerpt":{"rendered":"","protected":false},"author":1,"featured_media":0,"parent":0,"menu_order":0,"comment_status":"closed","ping_status":"closed","template":"","meta":{"footnotes":""},"class_list":["post-565","page","type-page","status-publish","hentry"],"_links":{"self":[{"href":"http:\/\/estv.hu\/index.php\/wp-json\/wp\/v2\/pages\/565","targetHints":{"allow":["GET"]}}],"collection":[{"href":"http:\/\/estv.hu\/index.php\/wp-json\/wp\/v2\/pages"}],"about":[{"href":"http:\/\/estv.hu\/index.php\/wp-json\/wp\/v2\/types\/page"}],"author":[{"embeddable":true,"href":"http:\/\/estv.hu\/index.php\/wp-json\/wp\/v2\/users\/1"}],"replies":[{"embeddable":true,"href":"http:\/\/estv.hu\/index.php\/wp-json\/wp\/v2\/comments?post=565"}],"version-history":[{"count":14,"href":"http:\/\/estv.hu\/index.php\/wp-json\/wp\/v2\/pages\/565\/revisions"}],"predecessor-version":[{"id":1057,"href":"http:\/\/estv.hu\/index.php\/wp-json\/wp\/v2\/pages\/565\/revisions\/1057"}],"wp:attachment":[{"href":"http:\/\/estv.hu\/index.php\/wp-json\/wp\/v2\/media?parent=565"}],"curies":[{"name":"wp","href":"https:\/\/api.w.org\/{rel}","templated":true}]}}