{"id":564,"date":"2024-05-11T08:33:15","date_gmt":"2024-05-11T08:33:15","guid":{"rendered":"https:\/\/newsexo.themearile.com\/home\/"},"modified":"2024-11-14T11:35:21","modified_gmt":"2024-11-14T10:35:21","slug":"home","status":"publish","type":"page","link":"https:\/\/estv.hu\/index.php\/home\/","title":{"rendered":"Home"},"content":{"rendered":"<p><a href=\"http:\/\/devel.estv.hu\/index.php\/2024\/11\/14\/a-feny\/\" target=\"_self\" ><img loading=\"lazy\" width=\"640\" height=\"800\" src=\"http:\/\/devel.estv.hu\/wp-content\/uploads\/2024\/11\/fenyvisszavero-plakat.jpg\" alt=\"\" decoding=\"async\" \/><\/a><br \/>\n<a href='http:\/\/devel.estv.hu\/index.php\/category\/egyeb\/' title='Egy\u00e9b' class='pt-cv-tax-egyeb'>Egy\u00e9b<\/a><\/p>\n<h4><a href=\"http:\/\/devel.estv.hu\/index.php\/2024\/11\/14\/a-feny\/\" target=\"_self\" >A F\u00c9NY!<\/a><\/h4>\n<p>K\u00f6vesd a f\u00e9nyt! A f\u00e9ny j\u00f3. A f\u00e9ny bar\u00e1t &#8230;<br \/>\n <time datetime=\"2024-11-14T09:31:08+01:00\">2024.11.14.<\/time> \/  <a href=\"http:\/\/devel.estv.hu\/index.php\/author\/admin\/\" rel=\"author\">admin<\/a><br \/>\n<a href=\"http:\/\/devel.estv.hu\/index.php\/2024\/11\/13\/proba-1\/\" target=\"_self\" ><img loading=\"lazy\" width=\"640\" height=\"515\" src=\"http:\/\/devel.estv.hu\/wp-content\/uploads\/2024\/11\/IMG_20241028_050329.jpg\" alt=\"\" decoding=\"async\" \/><\/a><br \/>\n<a href='http:\/\/devel.estv.hu\/index.php\/category\/egyeb\/' title='Egy\u00e9b' class='pt-cv-tax-egyeb'>Egy\u00e9b<\/a><\/p>\n<h4><a href=\"http:\/\/devel.estv.hu\/index.php\/2024\/11\/13\/proba-1\/\" target=\"_self\" >proba 1<\/a><\/h4>\n<p>csak egy pr\u00f3ba hogy megjelenik-e &#8230;<br \/>\n <time datetime=\"2024-11-13T15:54:59+01:00\">2024.11.13.<\/time> \/  <a href=\"http:\/\/devel.estv.hu\/index.php\/author\/admin\/\" rel=\"author\">admin<\/a><br \/>\n<a href=\"http:\/\/devel.estv.hu\/index.php\/2024\/04\/24\/the-pain-you-feel-today-will-be-the-strength-you-feel-tomorrow-2\/\" target=\"_self\" ><img loading=\"lazy\" width=\"482\" height=\"684\" src=\"http:\/\/devel.estv.hu\/wp-content\/uploads\/2024\/04\/flying-water-board.jpg\" alt=\"flying-water-board\" decoding=\"async\" \/><\/a><br \/>\n<a href='http:\/\/devel.estv.hu\/index.php\/category\/egyeb\/' title='Egy\u00e9b' class='pt-cv-tax-egyeb'>Egy\u00e9b<\/a><\/p>\n<h4><a href=\"http:\/\/devel.estv.hu\/index.php\/2024\/04\/24\/the-pain-you-feel-today-will-be-the-strength-you-feel-tomorrow-2\/\" target=\"_self\" >The pain you feel today will be the strength you feel tomorrow<\/a><\/h4>\n<p>Good web design has visual weight, is optimized for various devices, and has content that is prioritized for the medium &#8230;<br \/>\n <time datetime=\"2024-04-24T07:59:50+02:00\">2024.04.24.<\/time> \/  <a href=\"http:\/\/devel.estv.hu\/index.php\/author\/admin\/\" rel=\"author\">admin<\/a><br \/>\n<a href=\"http:\/\/devel.estv.hu\/index.php\/2024\/04\/24\/today-or-any-day-that-phone-may-ring-and-bring-good-news\/\" target=\"_self\" ><img loading=\"lazy\" width=\"482\" height=\"684\" src=\"http:\/\/devel.estv.hu\/wp-content\/uploads\/2024\/04\/media-reporter.jpg\" alt=\"media-reporter\" decoding=\"async\" \/><\/a><br \/>\n<a href='http:\/\/devel.estv.hu\/index.php\/category\/egyeb\/' title='Egy\u00e9b' class='pt-cv-tax-egyeb'>Egy\u00e9b<\/a><\/p>\n<h4><a href=\"http:\/\/devel.estv.hu\/index.php\/2024\/04\/24\/today-or-any-day-that-phone-may-ring-and-bring-good-news\/\" target=\"_self\" >Today or any day that phone may ring and bring good news<\/a><\/h4>\n<p>Good web design has visual weight, is optimized for various devices, and has content that is prioritized for the medium &#8230;<br \/>\n <time datetime=\"2024-04-24T07:30:08+02:00\">2024.04.24.<\/time> \/  <a href=\"http:\/\/devel.estv.hu\/index.php\/author\/admin\/\" rel=\"author\">admin<\/a><br \/>\n<a href=\"http:\/\/devel.estv.hu\/index.php\/2024\/04\/24\/yoga-is-the-stilling-of-the-changing-states-of-the-mind-2\/\" target=\"_self\" ><img loading=\"lazy\" width=\"482\" height=\"684\" src=\"http:\/\/devel.estv.hu\/wp-content\/uploads\/2024\/04\/yoga.jpg\" alt=\"yoga\" decoding=\"async\" \/><\/a><br \/>\n<a href='http:\/\/devel.estv.hu\/index.php\/category\/yoga\/' title='Yoga' class='pt-cv-tax-yoga'>Yoga<\/a><\/p>\n<h4><a href=\"http:\/\/devel.estv.hu\/index.php\/2024\/04\/24\/yoga-is-the-stilling-of-the-changing-states-of-the-mind-2\/\" target=\"_self\" >Yoga is the stilling of the changing states of the mind<\/a><\/h4>\n<p>Good web design has visual weight, is optimized for various devices, and has content that is prioritized for the medium &#8230;<br \/>\n <time datetime=\"2024-04-24T07:19:23+02:00\">2024.04.24.<\/time> \/  <a href=\"http:\/\/devel.estv.hu\/index.php\/author\/admin\/\" rel=\"author\">admin<\/a><br \/>\n<a href=\"http:\/\/devel.estv.hu\/index.php\/2024\/04\/24\/if-you-want-to-be-a-better-photographer-stand-in-front-of-more-interesting-stuff\/\" target=\"_self\" ><img loading=\"lazy\" width=\"482\" height=\"684\" src=\"http:\/\/devel.estv.hu\/wp-content\/uploads\/2024\/04\/vacation.jpg\" alt=\"vacation\" decoding=\"async\" \/><\/a><br \/>\n<a href='http:\/\/devel.estv.hu\/index.php\/category\/egyeb\/' title='Egy\u00e9b' class='pt-cv-tax-egyeb'>Egy\u00e9b<\/a><\/p>\n<h4><a href=\"http:\/\/devel.estv.hu\/index.php\/2024\/04\/24\/if-you-want-to-be-a-better-photographer-stand-in-front-of-more-interesting-stuff\/\" target=\"_self\" >If you want to be a better photographer, stand in front of more interesting stuff<\/a><\/h4>\n<p>Good web design has visual weight, is optimized for various devices, and has content that is prioritized for the medium &#8230;<br \/>\n <time datetime=\"2024-04-24T07:14:17+02:00\">2024.04.24.<\/time> \/  <a href=\"http:\/\/devel.estv.hu\/index.php\/author\/admin\/\" rel=\"author\">admin<\/a><br \/>\n<a href=\"http:\/\/devel.estv.hu\/index.php\/2024\/04\/23\/appreciating-the-farmers-chefs-and-artisans-who-nourish-us\/\" target=\"_self\" ><img loading=\"lazy\" width=\"640\" height=\"463\" src=\"http:\/\/devel.estv.hu\/wp-content\/uploads\/2024\/04\/food-restaurant.jpg\" alt=\"\" decoding=\"async\" \/><\/a><br \/>\n<a href='http:\/\/devel.estv.hu\/index.php\/category\/egyeb\/' title='Egy\u00e9b' class='pt-cv-tax-egyeb'>Egy\u00e9b<\/a><\/p>\n<h4><a href=\"http:\/\/devel.estv.hu\/index.php\/2024\/04\/23\/appreciating-the-farmers-chefs-and-artisans-who-nourish-us\/\" target=\"_self\" >Appreciating the farmers, chefs, and artisans who nourish us<\/a><\/h4>\n<p>Good web design has visual weight, is optimized for various devices, and has content that is prioritized for the medium &#8230;<br \/>\n <time datetime=\"2024-04-23T10:34:46+02:00\">2024.04.23.<\/time> \/  <a href=\"http:\/\/devel.estv.hu\/index.php\/author\/admin\/\" rel=\"author\">admin<\/a><br \/>\n<a href=\"http:\/\/devel.estv.hu\/index.php\/2024\/04\/23\/the-only-time-to-eat-diet-food-is-while-youre-waiting-for-the-steak-to-cook\/\" target=\"_self\" ><img loading=\"lazy\" width=\"640\" height=\"463\" src=\"http:\/\/devel.estv.hu\/wp-content\/uploads\/2024\/04\/fish-curry.jpg\" alt=\"\" decoding=\"async\" \/><\/a><br \/>\n<a href='http:\/\/devel.estv.hu\/index.php\/category\/egyeb\/' title='Egy\u00e9b' class='pt-cv-tax-egyeb'>Egy\u00e9b<\/a><\/p>\n<h4><a href=\"http:\/\/devel.estv.hu\/index.php\/2024\/04\/23\/the-only-time-to-eat-diet-food-is-while-youre-waiting-for-the-steak-to-cook\/\" target=\"_self\" >The only time to eat diet food is while you&#8217;re waiting for the steak to cook<\/a><\/h4>\n<p>Good web design has visual weight, is optimized for various devices, and has content that is prioritized for the medium &#8230;<br \/>\n <time datetime=\"2024-04-23T10:31:48+02:00\">2024.04.23.<\/time> \/  <a href=\"http:\/\/devel.estv.hu\/index.php\/author\/admin\/\" rel=\"author\">admin<\/a><br \/>\n<a href=\"http:\/\/devel.estv.hu\/index.php\/2024\/04\/23\/all-you-need-is-love-but-a-little-chocolate-now-and-then-doesnt-hurt\/\" target=\"_self\" ><img loading=\"lazy\" width=\"640\" height=\"463\" src=\"http:\/\/devel.estv.hu\/wp-content\/uploads\/2024\/04\/burger-sandwich.jpg\" alt=\"\" decoding=\"async\" \/><\/a><br \/>\n<a href='http:\/\/devel.estv.hu\/index.php\/category\/egyeb\/' title='Egy\u00e9b' class='pt-cv-tax-egyeb'>Egy\u00e9b<\/a><\/p>\n<h4><a href=\"http:\/\/devel.estv.hu\/index.php\/2024\/04\/23\/all-you-need-is-love-but-a-little-chocolate-now-and-then-doesnt-hurt\/\" target=\"_self\" >All you need is love. But a little chocolate now and then doesn&#8217;t hurt<\/a><\/h4>\n<p>Good web design has visual weight, is optimized for various devices, and has content that is prioritized for the medium &#8230;<br \/>\n <time datetime=\"2024-04-23T10:30:09+02:00\">2024.04.23.<\/time> \/  <a href=\"http:\/\/devel.estv.hu\/index.php\/author\/admin\/\" rel=\"author\">admin<\/a><br \/>\n<a href=\"http:\/\/devel.estv.hu\/index.php\/2024\/04\/23\/food-is-our-common-ground-a-universal-experience\/\" target=\"_self\" ><img loading=\"lazy\" width=\"640\" height=\"463\" src=\"http:\/\/devel.estv.hu\/wp-content\/uploads\/2024\/04\/amlet-breakfast.jpg\" alt=\"\" decoding=\"async\" \/><\/a><br \/>\n<a href='http:\/\/devel.estv.hu\/index.php\/category\/egyeb\/' title='Egy\u00e9b' class='pt-cv-tax-egyeb'>Egy\u00e9b<\/a><\/p>\n<h4><a href=\"http:\/\/devel.estv.hu\/index.php\/2024\/04\/23\/food-is-our-common-ground-a-universal-experience\/\" target=\"_self\" >Food is our common ground, a universal experience<\/a><\/h4>\n<p>Good web design has visual weight, is optimized for various devices, and has content that is prioritized for the medium &#8230;<br \/>\n <time datetime=\"2024-04-23T10:25:10+02:00\">2024.04.23.<\/time> \/  <a href=\"http:\/\/devel.estv.hu\/index.php\/author\/admin\/\" rel=\"author\">admin<\/a><\/p>\n","protected":false},"excerpt":{"rendered":"<p>Egy\u00e9b A F\u00c9NY! K\u00f6vesd a f\u00e9nyt! A f\u00e9ny j\u00f3. A f\u00e9ny bar\u00e1t &#8230; 2024.11.14. \/ admin Egy\u00e9b proba 1 csak egy pr\u00f3ba hogy megjelenik-e &#8230; 2024.11.13. \/ admin Egy\u00e9b The pain you feel today will be the strength you feel tomorrow Good web design has visual weight, is optimized for various devices, and has content [&hellip;]<\/p>\n","protected":false},"author":1,"featured_media":0,"parent":0,"menu_order":0,"comment_status":"closed","ping_status":"closed","template":"","meta":{"footnotes":""},"class_list":["post-564","page","type-page","status-publish","hentry"],"_links":{"self":[{"href":"https:\/\/estv.hu\/index.php\/wp-json\/wp\/v2\/pages\/564","targetHints":{"allow":["GET"]}}],"collection":[{"href":"https:\/\/estv.hu\/index.php\/wp-json\/wp\/v2\/pages"}],"about":[{"href":"https:\/\/estv.hu\/index.php\/wp-json\/wp\/v2\/types\/page"}],"author":[{"embeddable":true,"href":"https:\/\/estv.hu\/index.php\/wp-json\/wp\/v2\/users\/1"}],"replies":[{"embeddable":true,"href":"https:\/\/estv.hu\/index.php\/wp-json\/wp\/v2\/comments?post=564"}],"version-history":[{"count":6,"href":"https:\/\/estv.hu\/index.php\/wp-json\/wp\/v2\/pages\/564\/revisions"}],"predecessor-version":[{"id":618,"href":"https:\/\/estv.hu\/index.php\/wp-json\/wp\/v2\/pages\/564\/revisions\/618"}],"wp:attachment":[{"href":"https:\/\/estv.hu\/index.php\/wp-json\/wp\/v2\/media?parent=564"}],"curies":[{"name":"wp","href":"https:\/\/api.w.org\/{rel}","templated":true}]}}